sor of 4864 and 4015384.
152
What is the highest common factor of 29302 and 256347?
91
What is the greatest common factor of 13039715 and 2656?
83
What is the highest common divisor of 94256 and 5872?
16
What is the greatest common factor of 17976323 and 7154?
73
Calculate the greatest common divisor of 80 and 144874620.
20
Calculate the greatest common divisor of 9924 and 6305048.
3308
Calculate the highest common factor of 8454311 and 659.
659
Calculate the highest common factor of 2682 and 2052.
18
Calculate the greatest common factor of 152 and 16724522.
38
What is the greatest common factor of 56641062 and 3354?
258
What is the highest common factor of 27131517 and 22389?
1317
What is the greatest common divisor of 106749 and 1250973?
261
What is the highest common factor of 2633145096 and 969?
969
Calculate the greatest common divisor of 254351503 and 3381.
1127
What is the highest common factor of 4338 and 205356582?
4338
Calculate the highest common factor of 44 and 21089277.
11
Calculate the highest common factor of 36650865 and 73005.
2355
What is the highest common factor of 928656 and 11076?
12
What is the highest common divisor of 58112904 and 1932?
276
What is the greatest common factor of 80 and 174142030?
10
What is the greatest common divisor of 29066073 and 127551?
3111
Calculate the greatest common factor of 233835 and 47104365.
1785
Calculate the greatest common divisor of 334852 and 54257.
7
What is the greatest common divisor of 552 and 15918120?
24
Calculate the highest common factor of 15925 and 26109650.
1225
Calculate the highest common divisor of 661992470 and 40.
10
What is the greatest common factor of 3140 and 191711444?
628
Calculate the highest common factor of 19224 and 5391976.
712
What is the highest common factor of 47561460 and 260?
20
What is the highest common divisor of 208675964 and 46?
46
Calculate the highest common divisor of 146770 and 1170.
130
What is the highest common divisor of 44077516 and 28?
28
Calculate the highest common factor of 134550 and 93405.
195
Calculate the highest common divisor of 31389710 and 690.
230
Calculate the highest common factor of 3353210 and 8155.
35
Calculate the greatest common divisor of 40414790 and 2470.
130
Calculate the highest common divisor of 1 and 33293252.
1
What is the highest common divisor of 112 and 1078679?
7
What is the greatest common factor of 15 and 167395875?
15
Calculate the highest common factor of 7748 and 523.
1
What is the greatest common divisor of 484865 and 115?
5
Calculate the greatest common factor of 98 and 135285962.
98
Calculate the highest common factor of 1078592 and 3200.
64
Calculate the highest common factor of 2429202 and 4134.
318
What is the highest common factor of 22881639 and 2607?
2607
What is the greatest common factor of 153820 and 200?
20
What is the highest common factor of 116 and 329773?
1
What is the greatest common factor of 7207486 and 312301?
3509
Calculate the greatest common divisor of 168 and 360669.
3
What is the highest common divisor of 134583884 and 2734?
2734
Calculate the highest common divisor of 18056 and 11156351.
2257
What is the greatest common divisor of 13285 and 148350938?
2657
Calculate the highest common factor of 11 and 1889023202.
11
Calculate the highest common divisor of 67 and 3118850.
67
What is the greatest common factor of 7878 and 10257?
39
Calculate the highest common factor of 13479 and 12627.
3
Calculate the greatest common divisor of 6856217 and 61.
61
What is the greatest common divisor of 55964 and 85154164?
3292
What is the highest common divisor of 2222088 and 4674?
114
Calculate the highest common factor of 10832 and 108849414.
1354
What is the highest common factor of 68 and 51571778?
34
Calculate the highest common factor of 69940 and 41435.
5
What is the greatest common factor of 958428 and 637056?
2844
What is the greatest common factor of 897 and 339721707?
897
Calculate the greatest common divisor of 40 and 104549230.
10
What is the highest common factor of 274 and 9452041?
137
What is the highest common divisor of 22890624 and 384?
384
Calculate the greatest common factor of 8493259 and 6989.
29
What is the greatest common factor of 15456 and 40187808?
2208
Calculate the greatest common divisor of 17397 and 4391776.
1933
What is the greatest common factor of 101774464 and 41624?
3784
Calculate the highest common divisor of 4397221 and 44668.
859
What is the greatest common divisor of 34050 and 2405475?
75
What is the greatest common divisor of 24 and 105462376?
8
Calculate the greatest common factor of 136 and 33678853.
17
What is the greatest common factor of 5043899 and 43099?
329
Calculate the greatest common factor of 182976 and 14092011.
2859
Calculate the greatest common factor of 13579435 and 1942.
971
What is the greatest common factor of 61096 and 71398313?
7637
What is the highest common divisor of 729856 and 567349?
2851
What is the highest common divisor of 8215 and 109386011?
1643
Calculate the greatest common divisor of 170645 and 121.
1
What is the highest common divisor of 257193 and 44217?
153
Calculate the highest common divisor of 531435210 and 30.
30
Calculate the highest common factor of 726826 and 25451.
31
What is the greatest common divisor of 68 and 432075604?
68
What is the highest common divisor of 35897496 and 88?
8
What is the highest common divisor of 50552133 and 783?
87
Calculate the greatest common divisor of 84593506 and 1621.
1621
Calculate the greatest common divisor of 23832595 and 1874.
937
Calculate the greatest common factor of 2856 and 20525613.
51
What is the highest common divisor of 1016 and 18386933?
127
What is the highest common factor of 38994124 and 68?
68
Calculate the greatest common factor of 69199 and 50180.
13
What is the greatest common factor of 15326 and 184397?
97
Calculate the highest common factor of 4864 and 10428834.
38
Calculate the greatest common factor of 59639987 and 10197.
1133
Calculate the greatest common divisor of 53324 and 264.
4
Calculate the highest common factor of 12528 and 3906312.
24
What is the greatest common divisor of 12245592 and 160?
8
What is the highest common factor of 7032830 and 280?
70
What is the highest common divisor of 992123 and 202?
101
What is the greatest common divisor of 70164120 and 39360?
4920
Calculate the highest common factor of 45304 and 82.
2
Calculate the greatest common factor of 178404194 and 62.
62
What is the highest common factor of 3249165 and 1590?
795
Calculate the greatest common factor of 28927774 and 124.
62
Calculate the highest common divisor of 523748 and 44831.
127
What is the greatest common factor of 14076 and 4539924?
828
Calculate the highest common factor of 9759085 and 5978.
2989
What is the highest common divisor of 325320655 and 77?
11
What is the highest common factor of 25125 and 146127?
201
Calculate the greatest common factor of 437 and 79819.
19
Calculate the highest common divisor of 1448673975 and 725.
725
What is the greatest common factor of 338169 and 738699?
507
What is the greatest common divisor of 281615 and 37673?
373
Calculate the greatest common divisor of 228 and 144179448.
228
What is the greatest common divisor of 26594309 and 5782?
2891
Calculate the highest common factor of 66260425 and 385.
385
Calculate the greatest common factor of 5345 and 656366.
1069
What is the greatest common factor of 810 and 50421042?
162
What is the greatest common divisor of 659490608 and 4256?
2128
Calculate the greatest common divisor of 17433888 and 1824.
96
What is the greatest common divisor of 1816 and 2625255?
227
What is the highest common divisor of 12711180 and 20?
20
Calculate the highest common factor of 3831311 and 758.
379
Calculate the greatest common divisor of 10521443 and 5777.
109
What is the greatest common factor of 41559 and 5481?
21
Calculate the greatest common factor of 69172335 and 225.
45
Calculate the highest common factor of 59204 and 1229836.
164
Calculate the greatest common factor of 62 and 898657326.
62
What is the highest common factor of 145014338 and 14?
14
What is the greatest common divisor of 120 and 3755770?
10
Calculate the highest common divisor of 847845 and 25315.
415
What is the highest com